40?
False
Is 16219425 a multiple of 75?
True
Is 750594402 a multiple of 7146?
True
Is 215134150 a multiple of 1730?
True
Does 178 divide 42291376?
True
Is 39984915 a multiple of 227?
True
Does 377 divide 33566572?
True
Is 52675173 a multiple of 9?
True
Does 2519 divide 40540990?
False
Is 1024 a factor of 36968245?
False
Is 171 a factor of 193434399?
False
Is 3536493 a multiple of 2?
False
Does 72 divide 7843680?
True
Does 11 divide 121406688?
False
Is 9 a factor of 131124285?
True
Is 58580142 a multiple of 349?
False
Is 13 a factor of 1385217280?
False
Is 250429445 a multiple of 49?
True
Is 1731571 a multiple of 9?
False
Is 147 a factor of 3816137150?
False
Is 30 a factor of 297671220?
True
Is 167640876 a multiple of 19?
True
Is 12747315 a multiple of 164?
False
Is 25 a factor of 13045394?
False
Is 27134610 a multiple of 815?
True
Is 38860071 a multiple of 37?
False
Is 73 a factor of 53682375?
True
Is 44994236 a multiple of 51?
False
Is 902387440 a multiple of 10?
True
Is 118946828 a multiple of 793?
True
Does 91 divide 24924777?
False
Is 1496 a factor of 135403316?
False
Is 59787301 a multiple of 11?
False
Is 793576748 a multiple of 1452?
False
Is 100486210 a multiple of 111?
False
Does 2280 divide 1090508671?
False
Does 1136 divide 75183888?
True
Does 155 divide 4075260?
True
Is 206 a factor of 106373456?
True
Is 131770026 a multiple of 62?
True
Does 6 divide 30311387?
False
Is 368255885 a multiple of 20?
False
Is 19606461 a multiple of 57?
True
Is 4 a factor of 1807550?
False
Does 35 divide 217590240?
True
Does 40 divide 2614619680?
True
Does 11 divide 1060942155?
False
Is 799 a factor of 94476623?
False
Does 1061 divide 456603808?
False
Does 9 divide 95692488?
False
Is 19 a factor of 11407201?
True
Does 1317 divide 9403380?
True
Is 252 a factor of 931995650?
False
Is 191883054 a multiple of 33?
True
Is 835 a factor of 6412702530?
False
Does 13 divide 38622506?
True
Does 8 divide 56136096?
True
Is 620853468 a multiple of 1842?
True
Is 324033268 a multiple of 21?
False
Is 3835411184 a multiple of 4048?
True
Is 36 a factor of 468263299?
False
Is 47 a factor of 139516755?
False
Is 523435236 a multiple of 25?
False
Does 1630 divide 1038414021?
False
Is 596839209 a multiple of 37?
False
Is 280118371 a multiple of 470?
False
Is 1586 a factor of 154506534?
True
Is 978430956 a multiple of 14?
False
Does 18 divide 7208604?
True
Is 1474 a factor of 684602248?
True
Is 2 a factor of 6721458?
True
Is 1548 a factor of 4333675380?
False
Is 1109 a factor of 1086243320?
True
Is 342705887 a multiple of 432?
False
Is 287229093 a multiple of 17?
True
Does 311 divide 17465280?
False
Is 1525530 a multiple of 1205?
True
Does 511 divide 1022704669?
True
Is 608122116 a multiple of 239?
True
Does 1827 divide 823025133?
True
Is 47 a factor of 825775893?
False
Is 2257153644 a multiple of 12?
True
Is 11 a factor of 24788664?
False
Is 398 a factor of 84873772?
False
Is 8 a factor of 295356181?
False
Is 8 a factor of 344700712?
True
Is 77073386 a multiple of 80?
False
Is 602 a factor of 141057028?
True
Does 199 divide 14968382?
True
Does 1389 divide 3047045133?
True
Is 2246 a factor of 154311430?
True
Is 7263 a factor of 149172526?
False
Is 21171660 a multiple of 15?
True
Is 478 a factor of 370570456?
True
Is 401 a factor of 135896267?
False
Is 10 a factor of 545675039?
False
Does 21 divide 28303422?
True
Is 54 a factor of 140892966?
True
Does 11 divide 1823768?
False
Is 1951 a factor of 16639219?
False
Does 24 divide 12086812?
False
Is 23236378 a multiple of 326?
False
Is 270 a factor of 112306770?
True
Is 2614469266 a multiple of 1994?
False
Is 2513 a factor of 2272443075?
True
Is 1321 a factor of 27633999?
True
Is 262304798 a multiple of 7?
True
Is 79 a factor of 77590694?
False
Is 15 a factor of 107581792?
False
Does 17 divide 732388849?
True
Does 105 divide 329602852?
False
Does 242 divide 6930638?
True
Is 244 a factor of 44270397?
False
Is 181 a factor of 51126527?
True
Is 2169949368 a multiple of 6?
True
Does 2315 divide 30201490?
True
Does 21 divide 7224630?
True
Is 41 a factor of 103021331?
False
Is 9 a factor of 8915134?
False
Is 57421704 a multiple of 6?
True
Does 4430 divide 1088885560?
False
Is 75632873 a multiple of 19?
False
Does 308 divide 186950462?
False
Is 1239586400 a multiple of 32?
True
Is 91 a factor of 108390919?
True
Is 23755176 a multiple of 3596?
True
Does 2634 divide 4862169084?
True
Is 1821 a factor of 10425225?
True
Is 704 a factor of 5326493568?
True
Is 95221500 a multiple of 825?
True
Is 41667105 a multiple of 745?
True
Is 51 a factor of 1884578214?
True
Is 54 a factor of 11032308?
True
Is 422821161 a multiple of 17?
True
Is 35 a factor of 29883826?
False
Is 429777600 a multiple of 175?
True
Does 690 divide 327354728?
False
Does 99 divide 50034989?
False
Is 49489440 a multiple of 70?
True
Does 13 divide 74165862?
False
Does 1155 divide 573816489?
False
Does 146 divide 3109216759?
False
Does 17 divide 4994753?
True
Is 3 a factor of 12032642?
False
Is 8273497 a multiple of 11?
False
Is 2 a factor of 2327824?
True
Does 2778 divide 192104256?
True
Does 72 divide 202772604?
False
Is 54651087 a multiple of 308?
False
Does 100 divide 49024500?
True
Is 716 a factor of 86968151?
False
Is 52885536 a multiple of 671?
True
Is 66576544 a multiple of 16?
True
Is 23201640 a multiple of 62?
True
Is 48 a factor of 81489455?
False
Does 319 divide 58894588?
False
Is 5 a factor of 588795665?
True
Is 101201670 a multiple of 963?
True
Does 25 divide 36920600?
True
Is 2317 a factor of 58151699?
False
Is 14375460 a multiple of 132?
True
Does 3 divide 24031412?
False
Is 42 a factor of 963679248?
True
Is 1979947134 a multiple of 759?
True
Does 6 divide 64907274?
True
Does 30 divide 113291064?
False
Is 2947 a factor of 1555848021?
True
Is 136779 a multiple of 2?
False
Is 123193281 a multiple of 993?
False
Is 242 a factor of 162307706?
True
Does 9 divide 886725433?
False
Is 339044476 a multiple of 3697?
True
Is 38 a factor of 64793534?
True
Is 237757710 a multiple of 91?
False
Does 42 divide 25487407?
False
Is 244870986 a multiple of 38?
False
Is 342134590 a multiple of 6492?
False
Is 207487562 a multiple of 153?
False
Is 239378440 a multiple of 7?
True
Is 367459158 a multiple of 66?
True
Does 10 divide 109298?
False
Is 38340749 a multiple of 41?
False
Does 1265 divide 1206810?
True
Is 57 a factor of 2428949778?
True
Is 2159378056 a multiple of 22?
True
Does 4 divide 69732358?
False
Is 73 a factor of 62515775?
False
Is 811359078 a multiple of 1182?
True
Is 43 a factor of 285758958?
False
Is 121 a factor of 1368153897?
True
Does 29 divide 22470580?
False
Is 182 a factor of 87599067?
False
Is 12312716 a multiple of 48?
False
Does 1774 divide 384326456?
True
Is 1167442972 a multiple of 17?
True
Is 51497408 a multiple of 307?
True
Does 1003 divide 115695986?
False
Is 74 a factor of 447831868?
True
Is 148 a factor of 6270528?
False
Is 5 a factor of 657449233?
False
Does 2 divide 1699740?
True
Is 3098487330 a multiple of 810?
True
Is 1127 a factor of 626291398?
False
Is 3 a factor of 22380294?
True
Does 1773 divide 43199329?
False
Does 536 divide 20319377?
False
Is 335044460 a multiple of 12?
False
Does 6114 divide 290809204?
False
Does 10 divide 18251241?
False
Is 752455198 a multiple of 242?
True
Is 14918883 a multiple of 7?
True
Does 753 divide 1553887035?
True
Is 588938861 a multiple of 5475?
False
Is 22 a factor of 1219430?
False
Does 19 divide 4772332650?
False
Does 17 divide 931144128?
True
Does 87 divide 16431565?
False
Does 108 divide 327585384?
True
Does 741 divide 11770044?
True
Does 1741 divide 12864790?
False
Does 10290 divide 4776710610?
True
Is 227 a factor of 48925559?
False
Is 1321 a factor of 474824203?
True
Does 65 divide 692113922?
False
Does 15 divide 152849340?
True
Is 96833583 a multiple of 24?
False
Does 327 divide 257860087?
False
Is 1223 a factor of 26410593?
False
Does 630 divide 1625471517?
False
Is 1789452698 a multiple of 11?
True
Is 284119287 a multiple of 13?
False
Is 118418240 a multiple of 80?
True
Is 11133565 a multiple of 18?
False
Does 138 divide 296442103?
False
Does 143 divide 5356357177?
False
Is 30 a factor of 1598794?
False
Is 440901084 a multiple of 1164?
True
Is 2425 a factor of 39854875?
True
Is 2340980 a multiple of 605?
F